**2 + 5*t + 1. Let j be a(4). Suppose 3*b - 40 = v + j, 5*b = -v + 115. Suppose -f - b = -4*f. List the prime factors of f.
2
Suppose -18 = -4*x + 2*w + 178, -5*x - 3*w + 234 = 0. List the prime factors of x.
2, 3
Let f(a) = -a**2 - 39*a + 10. List the prime factors of f(-8).
2, 3, 43
Let r = -103 - -347. List the prime factors of r.
2, 61
Suppose -4*n - 25 = n, 27 = 4*k + 5*n. What are the prime factors of k?
13
Let f(n) = -5 - n - n**2 - 8*n + 1. Let r(l) = -l - 7. Let i be r(0). What are the prime factors of f(i)?
2, 5
Let a be (1 - -5)*(-34)/4. Let x = a + 74. List the prime factors of x.
23
Let c(a) = 59*a**2 + 3*a + 2. What are the prime factors of c(2)?
2, 61
Suppose 2*s = 4*v + 120, v + 0*v + 2 = 0. List the prime factors of s.
2, 7
Let d be -9*9/(81/(-30)). Let h(b) = b**3 - 4*b**2 - b - 3. Let n be h(5). Let c = d - n. What are the prime factors of c?
13
Suppose -5*y + 9 = 2*f - 84, -2*f - 3*y = -87. Let a = f - 25. List the prime factors of a.
2, 7
Let m = 67 + 9. What are the prime factors of m?
2, 19
Let f(s) = 2*s + 41. What are the prime factors of f(0)?
41
Suppose 16 = -4*x, 0 = v - 2*x - 0*x - 116. What are the prime factors of v?
2, 3
Let q(d) = -d**2 - 6*d - 1. Let k be q(-5). Suppose 0*i = -2*i - 5*r + 15, 0 = -k*i + 5*r - 45. List the prime factors of 6/9*-3*i.
2, 5
Let s(k) = 4*k. What are the prime factors of s(4)?
2
Let h be 4/(-6) - 28/(-6). Suppose 2*z = h - 0. What are the prime factors of z?
2
Let d = -33 - -18. Let p = -8 - d. List the prime factors of p.
7
Suppose 65 = -4*b - 0*b - 5*i, -3*b - 4*i = 50. Let l be 2/(-3) - 4/3. Let w = l - b. List the prime factors of w.
2
What are the prime factors of (-2)/(-4)*-4 - -98?
2, 3
What are the prime factors of 1070/3 - (-27)/81?
3, 7, 17
Suppose 4*f = 4*k - 8, -6*k = f - 2*k - 8. Let j = -2 - -7. Suppose -j*x + 15 = -f*x. List the prime factors of x.
3
What are the prime factors of (-7)/(-4) - 17/(-68) - -312?
2, 157
Suppose 0 = 6*t - 358 - 392. List the prime factors of t.
5
Let g(w) = -w**2 - 5*w + 8. Let d be g(-6). Suppose -d*j = -0*j. Suppose j = -v + 2*v - 4. List the prime factors of v.
2
What are the prime factors of (-1 - -3)*-1 - (-244 + 3)?
239
Let j = -128 + 38. What are the prime factors of (j/(-25))/(1/10)?
2, 3
Let b(g) = -g + 7. Let t be b(0). Let u = t - -5. What are the prime factors of u?
2, 3
Suppose 5*g = 3*q - 19 - 17, 4*q - 3*g = 59. What are the prime factors of q?
17
Let n be 37/(-7) + 6/21. Let b = n - -7. List the prime factors of b.
2
Suppose 0*f + 108 = 4*f. Suppose t + 5*c = f, 5*t + 2*c - 95 = -3*c. List the prime factors of t.
17
Let y(f) = -f**2 + f + 8. Let o(x) = -x**3 + 3*x**2 - x. Let r be o(2). Suppose -r*l = -l. List the prime factors of y(l).
2
Suppose 5*j - 69 = -9. Suppose -5*c + c + j = 0. Let f = c + 2. List the prime factors of f.
5
Suppose -o - 4 = -0*o + 2*f, 0 = -2*o + 4*f. Let y be 2/(((-2)/o)/1). Suppose -3*j + 55 = 5*u - 11, y*j - 4 = 0. What are the prime factors of u?
2, 3
Let x = -25 - -34. List the prime factors of x.
3
Suppose -3*l = -4*y - 109 - 163, 4*y = -4*l + 400. Suppose 5*z + 5*n + 48 = -12, 5*z - 4*n = -l. What are the prime factors of z/(-10) - (-2)/5?
2
Let q = -46 - -88. What are the prime factors of 14*6*4/q?
2
Let d be 1/3 + (-20)/(-3). Let t(f) = 2*f + 5. Let q(a) = 4*a + 10. Let o(c) = -2*q(c) + 5*t(c). List the prime factors of o(d).
19
Let s(u) = u**2 + 3*u + 19. List the prime factors of s(-8).
59
Let r(v) = v**3 - v. Let a(d) = -6*d**3 + 6*d - 1. Let p(i) = a(i) + 5*r(i). Let c be (-1 + 0)/1*2. What are the prime factors of p(c)?
5
What are the prime factors of (4/(-6))/((-4)/1608)?
2, 67
Let a be 3/(-4) - (-115)/20. Suppose 0 = 2*b + 5*l - 7, 13 = b - 2*l + a. Suppose g + 5*f = -b, -5*f = -2*g - 0*f + 18. List the prime factors of g.
2
Suppose 0*d - 30 = -2*t - d, 0 = -3*d. Let g = t + 0. List the prime factors of g.
3, 5
Let y = -19 - -22. List the prime factors of y - (2*-14 + 3).
2, 7
Let v(r) = -r. Let q be v(-3). Suppose q = 4*j - 5. What are the prime factors of (23 - 6/2)/j?
2, 5
Let j(r) = 2*r**2 - 2. Let s be j(-3). Suppose -g + 5*p + 24 = 3*g, 0 = 4*p - s. Suppose x - g + 1 = 0. List the prime factors of x.
2, 5
Suppose h = -k + 198, 3*k - 527 = -4*h + 265. What are the prime factors of h?
2, 3, 11
Let z(q) = -7*q. Let c(t) = -13*t - 1. Let j(s) = 3*c(s) - 5*z(s). Let o be j(-2). Suppose 25 = 3*k - 5*h, 6*h = -k + h - o. What are the prime factors of k?
5
List the prime factors of (-1)/9 + 1081/9.
2, 3, 5
Let k(c) = -2*c**2 + 3*c + 1. Let j be k(3). Let r = j + 18. List the prime factors of r.
2, 5
Suppose -5*w + 388 = -147. What are the prime factors of w?
107
List the prime factors of (-1 - 1)/(16/(-64)).
2
Suppose 0 = 3*u - u + g, 2*u - 3*g = 16. Suppose -u*k + 30 = -0*k. List the prime factors of k.
3, 5
Let u = 19 + -10. List the prime factors of 3*u*(-10)/(-15).
2, 3
Let x(u) = -u**3 - 6*u**2 + 3*u + 8. Let y be x(-10). What are the prime factors of (2/6)/(7/y)?
2, 3
Let a = 0 + 14. List the prime factors of a.
2, 7
Suppose 0*z = -2*z - 54. Let s = z - -45. What are the prime factors of s?
2, 3
Suppose 0 = -5*t + 2*t. Let o = t + -3. What are the prime factors of 3 + (0 - o/(-3))?
2
Let v be 6/(-9) + (-98)/(-3). Let p be 2/8 + 45/(-20). What are the prime factors of ((-4)/8)/(p/v)?
2
Suppose 0*f - 3*w - 9 = 3*f, -4*w = 16. Suppose 5 = b + f. List the prime factors of b.
2
Let d(g) = -2*g**2 - 4*g - 3. Let m be d(-2). Let s(h) = -h + 1. Let o be s(m). Suppose l + 6 = o*l. What are the prime factors of l?
2
Suppose 2*n = 10, -4*w + 2*n + 76 = -2*w. What are the prime factors of w?
43
Let r(u) = 8*u - 7. Let z be r(7). Suppose v - 2 = 3*w + 18, w = 3*v - 20. Suppose -n = -5*m + z, -v*n = 3*m - 2*m - 15. What are the prime factors of m?
2, 5
What are the prime factors of 54/(-36) + (-227)/(-2)?
2, 7
Let r be (-20)/(-6)*18/15. Suppose u + 3*u = v - 65, u = -3*v + 130. Suppose -q + v = r*q. List the prime factors of q.
3
Let a(l) = -l + 5. Let p be a(-5). List the prime factors of 10/2*18/p.
3
Suppose 4*y = 5*b + 47, 2*y - y - 3*b - 10 = 0. Let r = 4 + y. What are the prime factors of r?
17
Let o be (1/3)/(5/45). Suppose 4*i = -4*w - 0*i - 8, o*w + i = -2. Suppose -r = -w*r - 6. List the prime factors of r.
2, 3
Let i be (-4)/((-6)/3) + -2. Let r = 3 - i. Suppose m + 4*f = 29, 0 = -4*m - r*f - 2*f + 61. List the prime factors of m.
3
Suppose -1 = 2*j - 4*m - 43, 4*j = 3*m + 69. What are the prime factors of j?
3, 5
What are the prime factors of (-123)/(3 + 45/(-10))?
2, 41
Let o = -5 - -9. Suppose o*a = -a - 3*x + 189, -x + 3 = 0. List the prime factors of a.
2, 3
Let y(s) = 5*s**2 - 2. Suppose -2*h = -w + 3*w + 12, 3*h + 4*w + 23 = 0. Let q = 1 - h. What are the prime factors of y(q)?
2, 3
Suppose -4*c - 3*i = -i - 18, i = -5*c + 21. Suppose -s + 49 = 5*v, -2*v + 6 = -v + c*s. List the prime factors of (-6)/v - (-18)/5.
3
Suppose -4*c - 60 = -5*o + c, -2*c - 4 = 0. Let j = o - 14. List the prime factors of (j/5)/((-8)/100).
2, 5
Let j(d) = d**2 - 2*d - 6. Let y be j(5). Suppose -w - 2*w = -y. Suppose 3*s = 4*t, -5 = -0*s + s - w*t. List the prime factors of s.
2
Let w(g) = g**3 - 11*g**2 + 4*g + 14. Let f be w(11). Suppose 0 = -3*q - 13 + f. List the prime factors of q.
3, 5
Let x(l) = -l + 12. Let b be x(8). Suppose 0 = -b*u - 4 + 88. What are the prime factors of u?
3, 7
Suppose -52 = -2*q - 0*q - 3*w, -4*q = w - 94. What are the prime factors of q?
23
Let o be 29/2 + 3/2. Suppose 5*p - 122 = 4*s - o, -83 = -4*p + 5*s. List the prime factors of p.
2, 11
Suppose 0 = -5*w + 3*q + 6 + 30, 3*q + 24 = 3*w. Suppose 0 = 5*y - 46 + w. What are the prime factors of y?
2
Let g = -4 - -5. Let u be 0*(2/4)/g. Let r = 2 - u. What are the prime factors of r?
2
Suppose -5*f + 3*f + 34 = 0. Suppose k + f = 1. Let c = k + 27. What are the prime factors of c?
11
Suppose 5*k = g + 2*g - 22, -5*k = 3*g - 2. Suppose g*f = 3 + 173. What are the prime factors of f?
2, 11
Suppose -15*o + 10*o = -730. What are the prime factors of o?
2, 73
Let p(z) = z**3 - 30*z**2 + 11*z - 18. List the prime factors of p(30).
2, 3, 13
Suppose 11*g = 7*g + 108. List the prime factors of g.
3
Suppose 0 = 3*d - 2*h - 47, -2*d + 26 = 3*h - 14. Suppose -2*c + d + 5 = g, 11 = c + 3*g. List the prime factors of c.
11
Suppose